r?
True
Suppose -32*c - 7*c + 7*c + 3112352 = 0. Is c a composite number?
True
Suppose -5*p + 260735 = 2*s, 0 = 4*p + 13*s - 8*s - 208588. Is p a prime number?
True
Suppose 5*u = 2*n - 7, 5*n + u - 3*u = 70. Suppose 0 = 2*a - n. Let t(m) = m**3 - 2*m**2 - 13*m + 18. Is t(a) a composite number?
True
Suppose -b + 5*j = -10806, -b = 2*j - 2010 - 8789. Suppose 56*f = 63*f - b. Is f a composite number?
False
Suppose -5*y - 5*x = -5589 - 2596, -5*x + 10 = 0. Suppose -3*i + 6 + y = b, -4*b - 4*i + 6572 = 0. Suppose -155*l - b = -159*l. Is l prime?
False
Suppose 0 = 2*j + 7*j - 27. Suppose -5*w = 0, 2*q - 3 = -j*w - 7. Is (-13930)/(-25) - ((-18)/10 - q) composite?
False
Let r(a) = a**3 - 11*a**2 + a - 7. Let f be r(11). Let w be 14*(10/f + -3). Is (w/(-4))/((-13)/(-8164)) composite?
True
Suppose -74*r + 75*r = 3*h - 134434, -89653 = -2*h + 5*r. Is h a prime number?
True
Let l(g) = g**3 - g**2 + g + 3761. Let d = 97 - 97. Is l(d) prime?
True
Suppose -4669648 = 20136*z - 20151*z + 1774907. Is z a prime number?
False
Suppose 0 = 36*x + 85 - 1849. Suppose -x*w - 32990 = -51*w. Is w prime?
False
Let k(l) = -l + 3. Let u be k(1). Suppose u*p - 4*y + 27 = y, -1 = -4*p - y. Is (1/(-1) - 2/p) + 842 a prime number?
False
Suppose -g + 4*r = 0, -20*r + 24*r = -5*g. Suppose -15*f + 24*f - 21699 = g. Is f a prime number?
True
Suppose f + 4*w + 150094 = 6*f, -2*w - 30020 = -f. Suppose -4*u - 2*n = 3*n - f, 0 = -2*n - 4. Is u a composite number?
False
Let s = 82750 - 8811. Is s a composite number?
False
Suppose 4*f - 1350117 = -5*b, -550951 = -2*b - 4*f - 10921. Is b composite?
False
Let s(d) = -2628*d - 85. Is s(-4) composite?
False
Let c be 2*1/2 + (-8)/(-2). Suppose -c*r + 6*r - 8166 = -5*f, -5*f - 16272 = -2*r. Is r prime?
False
Let f(s) = -2*s**2 + 7*s - 1. Let y be f(3). Suppose 57040 = 5*r + 5*k, -25177 - 9050 = -3*r - y*k. Is r a composite number?
False
Let q = 363708 + 111905. Is q a composite number?
False
Suppose -37*t = -54*t + 2941. Let i = 352 - t. Is i a prime number?
True
Let q(w) = 510*w - 23. Suppose 55 = -5*t + 80. Suppose -2*m = -t*c - 4, -m = 2*c - 6*c + 1. Is q(m) prime?
True
Let j(y) = 14*y**2 + 13*y - 153. Is j(26) a composite number?
False
Let w(x) = 85241*x + 9369. Is w(20) prime?
True
Let g(a) = 302*a**2 + 12*a - 12. Let y be (20/(-15) + 1)*(1 + -4). Is g(y) a composite number?
True
Let g(l) = 6244*l**2 + 8*l - 5. Let k = 257 + -256. Is g(k) prime?
True
Let m(u) = 268*u**3 - 155*u**2 + 1080*u. Is m(7) prime?
False
Let v(n) = 2 + 1019*n**3 - 1018*n**3 - 1 - 4*n**2 + 2*n. Let m be v(1). Suppose -4*f + 4*l + 191 = f, m = -f - 5*l + 15. Is f composite?
True
Suppose -9*h + 306848 = 98336. Let m = h - 11565. Is m composite?
True
Let m = 1351 + 12970. Is m composite?
False
Suppose 3 = -v, 3*b + 0*b = -4*v + 18. Suppose b*m = -3*m - 29601. Let p = -1594 - m. Is p prime?
True
Suppose -4*y + 11976 = 5*o, -5*y + 0*o - 2*o + 14953 = 0. Let s be 879 - (-13 - (10 - 12)). Let l = y - s. Is l a composite number?
False
Suppose 0 = 17*j - 84 + 458. Is (-23 - j)/(2*(-1)/5758) composite?
False
Suppose 17 = 3*a + 2. Let j(q) = q**2 + 8*q - 43*q**3 - 14*q + a*q - 3. Is j(-2) prime?
True
Suppose -85*u + 5*x = -83*u - 3506, -2*x + 8765 = 5*u. Is u composite?
False
Suppose -40*g = -32003 - 6117. Let l = g + 12449. Is l prime?
False
Let i = -1912 + 15508. Let y = i + 2457. Is y a prime number?
False
Let a(o) be the third derivative of 583*o**6/120 - o**4/6 + 5*o**3/6 - 32*o**2 - 2. Is a(2) a prime number?
False
Let n = -432 + 435. Suppose n*p - 4*z - 1259 = 0, 4*p = -0*z + z + 1657. Is p prime?
False
Suppose -7 = -5*u + 33. Suppose v - 6 + u = 0. Is 1*(v/2 - -752) composite?
False
Let k(g) = -g**2 + 6*g - 84. Let q be k(23). Is (-978215)/q - (2/5 - 0) composite?
True
Let g(m) = 88032*m**2 - m - 7. Is g(-2) prime?
True
Let z(l) = 71*l - 128. Is z(6) prime?
False
Suppose 2*s + 45 = -5*n, 0 = 4*n + 3*s + 12 + 24. Is (-19120 + -17)*3/n a composite number?
False
Let b(a) = 2*a + 7*a**2 - 7*a**3 + 2*a + 0 - 2 - 1. Let k(x) = x**3 + 8*x**2 + 15*x + 14. Let z be k(-6). Is b(z) a prime number?
True
Let t(u) = 6*u**3 - 3*u**2 + 70*u - 550. Is t(21) a prime number?
True
Suppose 5*q - 3 = -5*k + 2, 5*k = 3*q + 5. Let j be (-6 - 44/(-7))*21. Suppose 5*u + 4*r - 917 = 0, 0 = 3*r - q*r + j. Is u a prime number?
False
Let p(o) = -o**3 - o**2 - 13*o - 4. Let t be p(0). Is (t/(-3) + -1)*(-1064085)/(-55) composite?
False
Let h = 12 - -3. Suppose 0 = -h*p + 10*p + 20. Is 42/28 + 9326/p composite?
False
Suppose 4*v = 5*r - 14898, 3*v = -0*v - 6. Suppose r + 3027 = 5*n. Is n a prime number?
True
Suppose 0 = -33*z - 23*z + 25225368. Is z a prime number?
False
Suppose -a - a - 68701 = -n, -a = 3*n - 206124. Is n composite?
True
Let u = -12735 + 38590. Is u composite?
True
Is ((-28513)/(-4))/((-179)/(-3580)) a composite number?
True
Let u = 450774 - 268747. Is u a prime number?
True
Let o be (0 + 2)/(-2) + -47. Let c be (-27 - -27) + o/2. Is (8/c)/(2/(-2418)) a prime number?
False
Suppose -2*o + 4*r = -12, 4*r + 10 + 6 = 3*o. Suppose 36*l = -o*l + 142440. Is l a composite number?
True
Let d(t) = 12*t**3 + 8*t**2 + 62*t - 44. Let s be d(27). Is s/(-87)*6/(-4) a prime number?
True
Suppose 5463*o - 8624336 = 5351*o. Is o prime?
True
Suppose -2*w = z - 7*w + 1875, -5*w = -3*z - 5615. Let h = z - -2813. Is h a prime number?
False
Suppose -3*s + 1 = -8, s + 141 = -3*m. Let v = -25 - m. Let d = 34 - v. Is d a composite number?
False
Let x(r) = -489*r**3 + 7*r**2 + 10*r + 101. Let j be x(-6). Suppose 4*w - 11*w = -j. Is w prime?
True
Suppose -88*o + 264*o - 22064416 = 0. Is o composite?
True
Let p(f) = 15*f**3 + 10*f**2 + 2*f - 57. Let g(y) = 14*y**3 + 10*y**2 + y - 59. Let o(l) = 4*g(l) - 3*p(l). Is o(9) composite?
True
Let g = -422 - -422. Suppose -2*v + 4*m + 14766 = g, -v + m = -0*m - 7388. Is v a prime number?
True
Let r(z) = -2*z**2 - 11*z - 14. Let x be 39*(-4 + (-26)/(-6)). Let y be r(x). Let o = y - -962. Is o a prime number?
True
Suppose -a + 408 = x, -3*a = -3*x - 7*a + 1229. Let u = x + -276. Is u a prime number?
True
Let j(v) = 329*v - 17. Let f(t) = -t**3 + 8*t**2 - 7*t + 11. Let n be f(7). Let s be j(n). Let b = -1891 + s. Is b a composite number?
True
Let g be (-24)/(-14) + -2 + 5418/98. Suppose g*t - 52*t - 171 = 0. Suppose -3*u + 15 + t = 4*v, 3*u - 9 = -v. Is v a composite number?
True
Let r(v) = -85732*v - 563. Is r(-6) a prime number?
True
Let q(s) = -2*s**3 + 44*s**2 - 65*s + 46. Is q(-19) a composite number?
True
Let p(i) = -5*i - 13. Let h be p(-5). Let a = h + 6. Suppose -20*x = -a*x - 3514. Is x a composite number?
True
Suppose m = -38 - 367. Let z = m + 604. Let h = 720 - z. Is h a composite number?
False
Suppose 15*y + 328590 = -15*y. Let i = 15704 + y. Is i prime?
True
Let y(f) = 127*f**3 + 6*f**2 + 25*f + 11. Let s be y(9). Suppose -74*u - s = -79*u. Is u a composite number?
False
Let a(i) = 168*i**3 + i**2 - 2*i + 3. Let x be a(1). Suppose x*b - 168*b - 3118 = 0. Is b composite?
False
Suppose -z = -71 + 19. Let h = -45 + z. Suppose 1731 + 1020 = h*w. Is w prime?
False
Let v = 99 - 95. Suppose -v*k - k = -3*k. Suppose 0*p + 2*p - 2314 = k. Is p prime?
False
Suppose -10*p = 25*p - 561155. Is p a prime number?
True
Suppose -9*k = -61*k - 70*k + 20847238. Is k a composite number?
True
Suppose 18090 = -83*w + 88*w. Suppose 3*a + k - w = 0, -3*a + 3*k = 2*a - 6044. Is a a composite number?
True
Let b be (1 + (3 - 1))/(9/(-204)). Let h = b - -70. Suppose -h*k = -4*y + 514, -4*y + 493 = 11*k - 6*k. Is y composite?
False
Let f(w) = 21*w - 184. Let b be f(9). Suppose -19*s + b*s + 43666 = 0. Is s a prime number?
True
Let z(k) = -k**3 - 37*k**2 - 41*k - 463. Is z(-42) a prime number?
True
Let q = 1857072 + -1233721. Is q a prime number?
True
Let x(w) = -4*w - 10. Suppose -4*d - 20 = 0, 0*d = -3*t - 4*d - 29. Let s be x(t). Suppose 4*l = s*l + 1010. Is l a composite number?
True
Suppose 0 = 2*s + h - 113523, 5*s - 2*h = 205633 + 78152. Is s composite?
True
Let q = 100529 - 70318. Is q a prime number?
True
Suppose 295*m - 242*m - 27759608 + 390249 = 0. Is m a prime number?
False
Let m = -22599 + 13152. Let i = -2404 - m. Is i prime?
True
Let b = 6985 - -1476. Is b a composite number?
False
Let n = 573 + -577. Is (n + (-4 - -6))/(2/(-4397)) a prime number?
True
Let f(u) = 3*u 